 and 4832860.
20
Calculate the greatest common divisor of 49331 and 8.
1
Calculate the highest common factor of 39 and 117932178.
39
Calculate the highest common divisor of 363 and 14500992.
33
What is the highest common divisor of 310 and 191559788?
62
Calculate the greatest common factor of 7240673 and 407.
11
What is the greatest common divisor of 422685815 and 2594?
1297
What is the highest common factor of 810 and 8085258?
162
What is the greatest common divisor of 8864655 and 28647?
3183
What is the highest common divisor of 12013 and 4102?
293
What is the greatest common divisor of 270 and 731907810?
90
What is the highest common divisor of 250209762 and 296?
74
What is the greatest common divisor of 926955 and 405?
45
What is the greatest common divisor of 2 and 3870185?
1
Calculate the highest common factor of 310365859 and 41.
41
What is the highest common factor of 6580 and 3378360?
940
What is the highest common divisor of 200 and 55252040?
40
Calculate the highest common divisor of 34 and 100884766.
34
Calculate the greatest common factor of 9259986 and 1526.
218
Calculate the greatest common divisor of 8831664 and 112.
16
What is the highest common divisor of 5357235 and 2979?
993
Calculate the highest common factor of 52 and 47384.
4
Calculate the highest common divisor of 15421540 and 2812.
76
What is the greatest common divisor of 74369920 and 5365?
145
What is the greatest common divisor of 8984008 and 3872?
968
What is the greatest common divisor of 814 and 549357204?
814
Calculate the highest common divisor of 7413 and 42945.
21
What is the highest common divisor of 23 and 129658981?
23
What is the highest common factor of 3224276 and 319?
11
Calculate the greatest common divisor of 888 and 45273372.
12
Calculate the highest common factor of 924551270 and 10.
10
What is the highest common factor of 702 and 87619350?
78
Calculate the greatest common factor of 223359573 and 57.
57
What is the highest common factor of 99 and 1522686?
33
Calculate the greatest common divisor of 6111 and 496629.
63
Calculate the greatest common divisor of 930331 and 1640.
41
What is the highest common divisor of 176309398 and 12627?
1403
What is the highest common factor of 3330472 and 4712?
152
What is the greatest common divisor of 480777 and 12529?
187
What is the greatest common factor of 79945614 and 11445?
2289
What is the greatest common divisor of 56125 and 104527200?
11225
What is the greatest common divisor of 951 and 89682?
3
What is the highest common factor of 11 and 16627292?
11
What is the greatest common divisor of 21872415 and 5895?
1965
Calculate the greatest common divisor of 9 and 8233317.
9
What is the greatest common divisor of 11988 and 2344428?
36
What is the greatest common factor of 296390 and 1006870?
1070
Calculate the highest common divisor of 2079 and 33906411.
2079
Calculate the greatest common factor of 1921557 and 264.
33
Calculate the greatest common divisor of 143908534 and 56.
14
What is the greatest common factor of 1620 and 21489840?
540
Calculate the highest common factor of 1184 and 367114.
74
What is the highest common factor of 1059300320 and 12048?
4016
Calculate the highest common divisor of 8 and 998670240.
8
What is the greatest common factor of 1350 and 12582675?
675
What is the greatest common divisor of 380 and 770954184?
76
What is the highest common divisor of 878 and 556118?
2
What is the greatest common divisor of 2321 and 395203?
211
Calculate the greatest common factor of 850 and 1960300.
50
What is the greatest common factor of 12183589 and 6479?
341
What is the greatest common factor of 37945232 and 9802?
338
What is the greatest common divisor of 165074 and 15475234?
1814
Calculate the greatest common divisor of 568384 and 4096.
64
What is the highest common factor of 541 and 99306501?
541
What is the greatest common factor of 1610279 and 165?
11
Calculate the highest common divisor of 93477580 and 140.
140
Calculate the greatest common factor of 239051 and 1153831.
863
Calculate the highest common divisor of 11205 and 17211295.
415
Calculate the greatest common factor of 183050528 and 40.
8
Calculate the greatest common factor of 20575 and 162925.
25
What is the highest common divisor of 5161893 and 4433?
11
Calculate the greatest common factor of 680157 and 1053405.
729
What is the greatest common divisor of 1878540 and 2695980?
7860
Calculate the highest common factor of 65799 and 1415897.
2437
What is the highest common divisor of 67392 and 6063616?
832
What is the greatest common divisor of 117548819 and 151?
151
What is the highest common divisor of 2465 and 45530?
145
Calculate the highest common factor of 24 and 12830172.
12
What is the highest common factor of 6418544 and 1232?
176
Calculate the greatest common divisor of 52620795 and 15345.
1395
What is the greatest common factor of 52130208 and 208?
208
Calculate the greatest common factor of 1444520 and 33440.
440
Calculate the greatest common factor of 5088 and 121488.
48
What is the highest common divisor of 1816396 and 280959?
787
What is the highest common factor of 158740565 and 265?
265
What is the highest common divisor of 9699400 and 475?
25
Calculate the highest common factor of 22579011 and 1596.
399
What is the greatest common divisor of 7204 and 77036?
4
Calculate the highest common divisor of 1849 and 114251.
43
Calculate the highest common divisor of 79092 and 1051011.
1521
Calculate the highest common factor of 279 and 136816733.
31
What is the greatest common divisor of 1694 and 367276?
14
What is the highest common divisor of 57580 and 160?
20
What is the greatest common factor of 6867963 and 54?
27
What is the highest common factor of 7508 and 1891558012?
7508
What is the highest common factor of 2643 and 39?
3
What is the greatest common factor of 21572586 and 945216?
9846
What is the highest common factor of 6156 and 699840?
324
Calculate the greatest common factor of 750 and 289750.
250
Calculate the greatest common factor of 1690298 and 90159.
733
What is the greatest common factor of 124197486 and 1302?
42
What is the greatest common divisor of 22258 and 1209112?
718
What is the highest common divisor of 62010 and 1034850?
30
Calculate the highest common divisor of 41756 and 8657727.
949
What is the greatest common factor of 1222 and 873821?
13
What is the highest common factor of 290090968 and 8?
8
Calculate the highest common divisor of 5084443 and 217238.
413
What is the greatest common factor of 108104 and 29?
1
What is the highest common divisor of 37875930 and 265?
5
Calculate the greatest common divisor of 31558 and 48794.
62
What is the highest common divisor of 1055467 and 307317?
1151
What is the greatest common factor of 267030516 and 86?
86
Calculate the highest common factor of 352688 and 583928.
376
Calculate the greatest common divisor of 181368 and 87219.
99
Calculate the greatest common factor of 444978 and 1287.
9
What is the greatest common factor of 12978 and 761418?
126
Calculate the greatest common factor of 1216 and 3660464.
304
What is the greatest common divisor of 720 and 680256?
144
Calculate the greatest common factor of 2855 and 2147531.
571
What is the highest common factor of 575383445 and 511?
511
Calculate the greatest common factor of 56000 and 46375.
875
What is the highest common factor of 74550 and 1889310?
2130
What is the greatest common factor of 254484127 and 10378?
5189
Calculate the highest common divisor of 191 and 6809150.
191
What is the highest common factor of 58981024 and 64?
32
What is the highest common factor of 1037519 and 1987797?
721
Calculate the highest common factor of 2613 and 26610189.
201
Calculate the greatest common factor of 2463426 and 5166.
126
Calculate the greatest common factor of 79624944 and 4824.
4824
Calculate the greatest common divisor of 109775736 and 1512.
1512
What is the greatest common divisor of 1596624 and 76368?
1776
Calculate the highest common factor of 343424 and 277888.
128
What is the greatest common divisor of 52056 and 11214?
18
What is the greatest common divisor of 7136 and 289232?
16
Calculate the greatest common divisor of 83848765 and 35.
35
Calculate the highest common divisor of 3956064 and 310590.
1218
